er?
True
Is 1405494835 prime?
False
Is 1034029691 a prime number?
False
Is 6377774241 a composite number?
True
Is 66785529 prime?
False
Is 689088001 a prime number?
False
Is 1776416333 prime?
True
Is 22021138019 composite?
False
Is 1621654897 a composite number?
True
Is 2703789479 composite?
False
Is 4656609817 prime?
True
Is 2782312249 a composite number?
True
Is 2513913889 prime?
True
Is 3773952253 a prime number?
True
Is 69050742581 composite?
True
Is 19636483193 a composite number?
True
Is 73730505139 a composite number?
False
Is 23610224089 a composite number?
False
Is 482827053 prime?
False
Is 1505865301 composite?
False
Is 588093817 a composite number?
False
Is 337131341 prime?
True
Is 8583525581 prime?
False
Is 370166707 a composite number?
False
Is 78636577343 composite?
False
Is 31604243017 a prime number?
True
Is 16847023021 a prime number?
False
Is 877007251 prime?
False
Is 9068052383 a composite number?
True
Is 22131730529 a prime number?
True
Is 31503670221 a composite number?
True
Is 7203651167 prime?
True
Is 77966447 a composite number?
True
Is 20820550909 a prime number?
False
Is 677560799 a prime number?
True
Is 14568055919 a composite number?
False
Is 12974120477 a composite number?
True
Is 53637911 composite?
True
Is 121336577 a prime number?
False
Is 9101725141 composite?
False
Is 30921898443 a prime number?
False
Is 152592061 a composite number?
True
Is 18773821607 a prime number?
True
Is 322444721 a composite number?
False
Is 5669877271 composite?
True
Is 160711579465 prime?
False
Is 23865098843 composite?
True
Is 7825648669 a composite number?
False
Is 33496853543 a prime number?
True
Is 15727907387 composite?
True
Is 2625035531 a prime number?
True
Is 338371459 composite?
False
Is 150127223879 a composite number?
False
Is 24431653219 composite?
False
Is 9918072847 a prime number?
True
Is 17450411009 composite?
False
Is 391158227 a composite number?
True
Is 37942438117 a composite number?
False
Is 4660474771 a composite number?
False
Is 12774763873 prime?
True
Is 4900300907 composite?
True
Is 1179165067 a composite number?
True
Is 70806059297 a composite number?
True
Is 2544195547 composite?
False
Is 23843627749 a prime number?
True
Is 800100677 composite?
True
Is 428170453 a prime number?
False
Is 317699971 composite?
False
Is 8035803773 prime?
True
Is 1160992345 prime?
False
Is 1433256769 composite?
True
Is 102395647 a prime number?
True
Is 152869489 composite?
False
Is 12664943693 a prime number?
False
Is 1013810687 composite?
False
Is 587619553 composite?
True
Is 932278771 prime?
False
Is 66556121 prime?
False
Is 6766256793 a prime number?
False
Is 9158106878 a composite number?
True
Is 95054335 prime?
False
Is 16402873763 a composite number?
True
Is 11195435021 composite?
False
Is 988735807 prime?
True
Is 44301529255 prime?
False
Is 632428603 composite?
False
Is 50294494121 a prime number?
False
Is 142409586899 a prime number?
False
Is 4199258023 a prime number?
True
Is 1568462099 prime?
False
Is 16383926407 prime?
True
Is 11138583293 a prime number?
True
Is 218185972087 composite?
False
Is 108140713 prime?
True
Is 56791308319 composite?
False
Is 609619223 composite?
False
Is 2465874403 prime?
False
Is 851161301 a prime number?
True
Is 3948363659 a prime number?
False
Is 7667064059 a prime number?
False
Is 600546263 composite?
False
Is 17542141 composite?
True
Is 1573564019 prime?
False
Is 1602934493 composite?
True
Is 21902340469 a composite number?
True
Is 155545099 a prime number?
True
Is 67479507922 a composite number?
True
Is 185790772483 prime?
True
Is 401852179 a composite number?
False
Is 27767983 composite?
False
Is 159168962207 prime?
True
Is 934349489 a composite number?
False
Is 299444309 a composite number?
False
Is 2639235058 composite?
True
Is 1060061753 a prime number?
True
Is 3565032061 prime?
True
Is 278755079 a prime number?
False
Is 340642994905 a prime number?
False
Is 7457354813 composite?
False
Is 37385012317 a composite number?
False
Is 57222738941 composite?
False
Is 289945731 a composite number?
True
Is 3973008301 composite?
False
Is 1351450153 prime?
True
Is 68226144859 composite?
False
Is 4394639677 a composite number?
True
Is 117756967 a prime number?
True
Is 18882591089 composite?
False
Is 41801689 a composite number?
True
Is 643953581 prime?
False
Is 459134293 a composite number?
True
Is 72264963811 composite?
False
Is 58762328663 a prime number?
True
Is 713392781 a composite number?
False
Is 2532472797 a composite number?
True
Is 1309597339 a prime number?
True
Is 5273232059 composite?
False
Is 88172017823 a composite number?
True
Is 3322657057 a composite number?
True
Is 166772077873 a prime number?
True
Is 144222431 a composite number?
False
Is 116265927599 prime?
True
Is 1812716449 prime?
False
Is 31947629269 a prime number?
True
Is 70796441 composite?
True
Is 44401468013 prime?
False
Is 39227563361 a prime number?
False
Is 3215490563 composite?
True
Is 190900937 prime?
True
Is 111864149863 prime?
False
Is 629777549 a prime number?
True
Is 23040226199 composite?
True
Is 115087857961 a composite number?
False
Is 3378716647 a composite number?
False
Is 811368839 a prime number?
True
Is 368891867 a prime number?
True
Is 631739523 composite?
True
Is 89837399 composite?
True
Is 13168487549 a prime number?
False
Is 184065451 composite?
True
Is 428616403 a composite number?
True
Is 11119574267 prime?
True
Is 4371598747 a composite number?
True
Is 2090615573 composite?
True
Is 5266216717 a prime number?
True
Is 861523717 a prime number?
True
Is 497057153 prime?
True
Is 9782362274 composite?
True
Is 140432603 a prime number?
False
Is 1686911771 a composite number?
True
Is 2736636263 prime?
True
Is 270007261 composite?
False
Is 21074975261 prime?
True
Is 1194559193 a composite number?
False
Is 871299029 composite?
False
Is 551325289 composite?
False
Is 575225011 a composite number?
False
Is 206682019291 composite?
True
Is 57379998469 prime?
True
Is 8358789493 a prime number?
False
Is 3646753573 prime?
False
Is 318836821 a prime number?
False
Is 26327805799 prime?
True
Is 735578563 a prime number?
True
Is 64300414019 a prime number?
True
Is 2083124737 a prime number?
True
Is 130702083431 a prime number?
True
Is 22114231 a composite number?
False
Is 326878207 a prime number?
False
Is 7785210883 a composite number?
False
Is 3356052461 a composite number?
True
Is 5451995509 a composite number?
True
Is 17461035667 a prime number?
True
Is 2402622823 a composite number?
False
Is 927456749 a composite number?
True
Is 2454892943 composite?
False
Is 1882271527 a composite number?
True
Is 15930173411 composite?
False
Is 47263630691 a composite number?
True
Is 3706562393 composite?
False
Is 5674645667 composite?
True
Is 10566387043 a prime number?
False
Is 478370639 prime?
False
Is 3047839979 prime?
False
Is 1984348337 a composite number?
False
Is 2313736765 a composite number?
True
Is 7410508463 composite?
False
Is 61050409813 a composite number?
True
Is 349863713 a prime number?
False
Is 7933745519 a prime number?
False
Is 22236885773 composite?
False
Is 20749170709 a composite number?
True
Is 102283509329 prime?
True
Is 816013699 prime?
True
Is 1375453897 a prime number?
True
Is 173827309 a composite number?
False
Is 64688039827 composite?
True
Is 1738636829 a prime number?
False
Is 2333045373 composite?
True
Is 338001421 prime?
False
Is 1032376634 composite?
True
Is 3822703153 prime?
True
Is 3327168809 prime?
True
Is 3232161739 composite?
False
Is 525038587 prime?
False
Is 6285569 prime?
True
Is 8237487527 a prime number?
True
Is 8879756911 a prime number?
True
Is 41415841 prime?
True
Is 25745290321 composite?
False
Is 364495843 prime?
False
Is 230443519 a composite number?
True
Is 54010181 a prime number?
True
Is 87948827 a prime number?
True
Is 4243482977 prime?
False
Is 127562947 a prime number?
True
Is 68461619 a prime number?
True
Is 1224854867 composite?
True
Is 21141007 a composite number?
False
Is 56982337 composite?
False
Is 3107672983 prime?
True
Is 426918667 a prime number?
False
Is 147454843 prime?
False
Is 397421543 a prime number?
True
Is 1351649881 prime?
True
Is 16990770049 prime?
False
Is 2958087079 composite?
True
Is 25281637 composite?
True
Is 12391442797 prime?
True
Is 7322